 2*l = -55, h + 1 + 10 = 4*l. Let j be (-4)/(-2) - 3*(-12)/h. Let w(p) = p**3 - 7*p**2 + 9*p - 9. Calculate w(j).
9
Suppose -7*p = -112 + 105. Let h(s) = -57*s**2 + s - 2. What is h(p)?
-58
Let u(h) = 5 + 14*h + 1 - 20*h**2 - 3. Let x(p) = 13*p**2 - 5*p - 24 + 15 - 4*p + 7. Let c(r) = 5*u(r) + 8*x(r). Calculate c(-1).
5
Let n(j) be the third derivative of j**5/60 - j**4/4 + j**3/2 + 29*j**2 - j. Calculate n(5).
-2
Let h(c) = 3*c**2 + c + 1. Suppose -12*v + 2 + 10 = 0. Let y be (1/v)/(41/(-82)). Determine h(y).
11
Let h(y) = 2*y**2 - 63*y - 271. Let k(f) = -f**2 + 32*f + 135. Let m(b) = 3*h(b) + 5*k(b). Let i be m(33). Let j(t) = -2*t + 3. Give j(i).
15
Let s(d) = -d**3 - 1. Let r(v) = -5*v**3 - 5*v**2 - v - 10. Let h(m) = r(m) - 6*s(m). Let p be (-7)/(-1) + 17 + (-5 - (-169)/(-13)). Give h(p).
26
Let j(f) = -664*f + 7301. Let o be j(11). Let u(a) = 31*a + 9. What is u(o)?
-84
Suppose 0 = -43*b + 34*b + 7650. Let a(h) = -848*h + 2 + b*h + 3. Give a(5).
15
Suppose -4*j + 39 = -3*s, 0 = 9*s - 7*s - 4*j + 26. Let l(d) = 4*d**2 + 50*d - 27. Calculate l(s).
-1
Let t(m) = 20*m + 6. Let w(d) = -4*d - 1. Let f(i) = -2*t(i) - 11*w(i). Let p = 145 + -91. Suppose 30*x = 21*x + p. Determine f(x).
23
Let d(q) = -q**3 - 9*q**2 - 10*q - 12. Let h(b) be the first derivative of -3*b**4/4 - 9*b**3 - 31*b**2/2 - 36*b + 53. Let p(y) = 7*d(y) - 2*h(y). Give p(-8).
-12
Let p(m) be the first derivative of m**2/2 - 2*m + 40. Suppose -3*k - 5*x + 17 = 0, 3*x + 2 = 5. Suppose k*y - 7*y = 0. Give p(y).
-2
Suppose 0 = -2*r - 87 + 81, -r + 32 = 5*t. Let f(o) = o**2 - 5*o - 3 - 3 - 4. Give f(t).
4
Let a(v) = 21*v - 10. Let x(g) = -3*g**2 + 218*g + 529. Let l be x(75). Give a(l).
74
Let x be 2*((-104)/16 - -6). Let l be (-7)/14*(3 - x). Let g(r) = -r**2 - 2*r - 2. Calculate g(l).
-2
Let w be (-63)/(-35) + 62/310. Let n(o) = -o**2 - o - 1. Let z(y) = -5 + 0*y**2 - 2*y**2 + 5*y + y**3 + 3. Let u(j) = -n(j) - z(j). What is u(w)?
-1
Let i(o) = -1674*o**3 + 852*o**3 - 2 - 4 + 6*o**2 + 821*o**3. What is i(6)?
-6
Let a(p) = -7*p**3 + 2*p - 1. Let m = 333 + -329. Suppose 15 = -5*s - m*w, -5*s - 2*w + 0*w = 5. What is a(s)?
-6
Let s(v) be the third derivative of 0 + 1/120*v**6 - 17/24*v**4 - v**2 + 1/4*v**5 + 43*v - 23/6*v**3. What is s(-16)?
-7
Suppose -4*h = 5*r + 23, -32*r = -25*r + 5*h + 34. Let y(i) = -3 - 7*i + 3*i + 5*i + 8. Give y(r).
-2
Let q(w) = -1 - 4*w**2 + 2*w + 2*w - 2. Let t = -159 + 165. Let a be 6/4 - t/(-12). Give q(a).
-11
Let j be 98/(-10) + (-990)/(-550) + (-1 - -9). Let x(a) = 3*a**3 - 1 - 2*a**3 + 5 - a**2. Give x(j).
4
Let r(t) = -77*t**2 + 27*t - 7. Let n(w) = 46*w**2 - 14*w + 4. Let g(c) = 5*n(c) + 3*r(c). Calculate g(12).
-13
Let m(s) be the second derivative of s**3/2 - 6*s**2 + 160*s. Let b = 249 + -244. Determine m(b).
3
Let n(w) = -w + 1. Suppose 0 = 4*u - 8*u + 5*r + 42, 0 = 2*u - 3*r - 22. Suppose f + 3*l = u, 5*l = -f + 7 + 9. Calculate n(f).
5
Let p(x) be the second derivative of 0 + 1/2*x**2 - 42*x - 2*x**3. Give p(1).
-11
Let a(o) = -6*o**2 - o**3 - 3*o**2 + 16*o**3 - 23*o - 16*o**3 + 7 - 15*o**2. What is a(-23)?
7
Let y(c) = 2*c**2 + 551*c + 1 + c**2 - 7 - 1127*c + 614*c. Give y(-13).
7
Let k(y) = 3*y**2 + 2*y. Suppose -4*g = -3*z + 149, 0 = 7*g - 3*g + 3*z + 179. Let f = -41 - g. Suppose -1 = w, 6 = -4*d - f*d + 2*w. What is k(d)?
8
Suppose -5*l - 5*o + 40 = 0, 3*l + 0 - 8 = o. Let p(s) = -8*s + 3. Let z(u) = -6 + 39 - 8 - 13 - 11. Let h(b) = l*z(b) - p(b). Give h(-1).
-7
Let i(n) be the first derivative of -n**6/360 + n**5/40 + n**4/4 - n**3 - 9*n**2/2 - 40. Let s(d) be the third derivative of i(d). What is s(5)?
-4
Let h be 6/16 - (1 + (-38)/(-16)). Let s(a) = -2*a**2 + 2*a + 19. Give s(h).
-5
Let c(y) be the third derivative of y**7/560 - y**6/360 + y**5/30 + 4*y**2. Let x(n) be the third derivative of c(n). Suppose -133*s + 98*s = -70. Give x(s).
16
Let a(l) = -3*l + 3. Suppose 29*g = 31*g - 90. Suppose -4*j + g = -19*j. Determine a(j).
12
Let y(k) = -k**2 + 6*k - 1. Let w be (6/5)/((-39)/(-130)). Suppose 5*t = -c - 0*t + 24, 32 = w*c + 4*t. Determine y(c).
7
Suppose 3*r + 24 = -r + b, 16 = 4*b. Let t(d) = -3*d + 29. Let m be t(10). Let h(s) = -s. Let i(z) = z**2 + 6*z + 4. Let j(c) = m*i(c) + 2*h(c). Determine j(r).
11
Let f(i) be the second derivative of -1/12*i**4 + 0 - 30*i + 2/3*i**3 - i**2. Give f(5).
-7
Let s = -286 + 288. Let u(v) = -133 + 131 - 8*v**s + 4*v**2 - v. What is u(2)?
-20
Suppose 5*g + 21 = -2*m, -5*m + 29*g - 31*g = 0. Let s(a) = -9*a + m*a - 2*a + 8*a. Let w(i) = -4*i + 1. Let q be w(1). Calculate s(q).
3
Let z(j) = -9*j + 46. Let o be 2*(-136)/(-44) - (-64)/(-352). What is z(o)?
-8
Let h(j) = -61*j**2 - 4*j + 2. Let x be (22 - (-5889)/(-273))*7/3. Calculate h(x).
-63
Let h(r) = -r**3 + 9*r**2 + 12*r - 15. Let a(t) = -t**2 + 14*t - 44. Let i be a(8). Suppose i*b - 12 = 0, -6*b + 34 = 4*n - 8*b. What is h(n)?
5
Let a(u) = 12*u - 11. Let w(r) = 4 + 4 + 1 + 0 - 12*r. Let k(y) = 4*a(y) + 5*w(y). Calculate k(2).
-23
Suppose 4*r - 27 - 13 = 0. Let t = 96 - 93. Let u(f) = 104 - f**2 - t*f + 0*f + 13*f - 103. Calculate u(r).
1
Let p(u) = -5*u - 50. Let a(f) = 29*f + 248. Let t(x) = -2*a(x) - 11*p(x). Determine t(22).
-12
Let d(c) = 6*c - 1. Suppose 10 = 4*r + 2*l + 8, -6 = -2*r - 2*l. Let g be r*(-9)/162*-9. Give d(g).
-7
Let t(h) = h**2 + 7*h - 6. Suppose 6 = -0*z + 2*z. Let i = 55 - 52. Suppose 19 + 1 = -5*a + i*s, -a = z*s + 22. What is t(a)?
-6
Let u(m) be the third derivative of -m**5/60 + 13*m**4/12 + m**3 - 15*m**2 - 50. Determine u(27).
-21
Suppose -2*u = 4*q - 26, 5*u + 9 = -4*q + 44. Suppose 3*h - 2*p + 2 = 4*h, 3*h = q*p - 49. Let v(z) = z**2 + 11*z. Calculate v(h).
-24
Let j(u) = -3*u + 2. Let i be 250/(-4) - (-2)/4. Suppose -2*w + 175 = 303. Let n = w - i. Determine j(n).
8
Let q(n) = 2*n**2 + 9*n + 10. Let k(x) = -3*x**2 - 8*x - 10. Let v(a) = 3*k(a) + 4*q(a). Suppose -5*z + 37 = c - 10*z, 0 = 5*c - 4*z - 80. What is v(c)?
10
Let a(i) = -i + 1. Let x(z) = z**2 - 3*z - 6. Let j(g) = 2*a(g) + x(g). Suppose 16*o - 9*o - 245 = 0. Suppose 11*l = 4*l + o. What is j(l)?
-4
Let o(p) = 2*p - 55. Let a be o(29). Suppose 0*n + a = -x - n, 2*n = 2. Let l(j) = j**3 + 3*j**2 - 2*j + 1. Give l(x).
-7
Suppose 17 = -5*f + 7*i - 6*i, f + i + 1 = 0. Let n(y) = -y**2 + 3*y + 8. Let b(w) = w**2 - w - 6. Let d(s) = f*n(s) - 4*b(s). Determine d(-4).
4
Let c be (-5 + 9 - 209/33)*3. Let n(k) = -4*k - 27. Determine n(c).
1
Let r(t) be the second derivative of -t**5/20 - 2*t**4 - 25*t**3/6 - 53*t**2/2 + 997*t + 3. What is r(-23)?
-7
Let y(u) = u**2 - 8*u - 7. Let p(j) = j**2 + 17*j + 38. Let g be p(-3). Let o be g/90*-5 + (-79)/(-9). Give y(o).
2
Let l be 3 - ((-1860)/(-5))/(-3). Let s = l + -125. Let q(b) = -8*b**2 - 2*b + 3. Calculate q(s).
-33
Suppose 24 = 140*o - 137*o. Let a be (4/(-10))/((-1)/(80/o)). Let t(l) = -l**2 + 3*l + 3. Determine t(a).
-1
Let p(f) = -493 - 14*f + 10*f - 31 - 16*f. Determine p(-26).
-4
Let a(v) = -v**2 - 3*v + 1. Let y(r) = -r**2 + 18*r + 10. Let u be y(21). Let j(g) = g**2 + 7*g + 6. Let z be j(-11). Let d = z + u. What is a(d)?
1
Let a(g) = 5*g**2 - 34*g + 48. Let o be a(5). Let p(n) = -n**2 - n - 4. Give p(o).
-16
Let y(t) = -13*t**2 - 3*t + 1. Let c(o) = 69*o**2 + 15*o - 2. Let b(d) = 2*c(d) + 11*y(d). What is b(0)?
7
Let j be 435/63 - (-30)/315. Let r(d) = -23*d - 4 + j + 29*d. Calculate r(3).
21
Let t(j) = 21*j**2 - 10*j - 7. Suppose -2*g + 1 = -l, 10*l = 14*g - 12*g + 8. Determine t(g).
4
Let z(q) = -5*q**3 - 20*q**2 - 2 + q**3 + 3*q + 0*q**3 + 24*q**2 + 3*q**3. Let y be (0 + -2 - -1)/((-1)/5). Give z(y).
-12
Let u(n) = 3*n**2 - 35*n + 34. Suppose -g = -5*x + 6 - 27, 4*x = -5*g - 11. Let w be u(g). Let t(v) = 5*v**2 - 2*v - 2. Determine t(w).
14
Let t(h) = 2*h**3 + 6*h**2 + 8*h + 4. Let q be -23 - (-18 + 3) - 5/(-1). Calculate t(q).
-20
Let f(t) = -3*t**2 - 67*t + 111. Let o be f(-24). Let j(n) = n**3 + 7*n**2 - 15*n + 17. Determine j(o).
-10
Let u(o) be the first derivative of -5*o**2 - 1/3*o**3 - 7*o + 58. What is u(-9)?
2
Let a(i) = 29*i**2 - 34*i - 43. Let d be a(2). Let f(n) = -2*n + 6 + 3*n**2 - 2 - n**3 + 2*n**2. Calculate f(d).
-6
Let u = -208 - -254. Let o(s) = 74*s - u*s - 4 - 27*s. Determine o(10).
6
Let r(m) = m**3 - 5*m**2 - 4*m + 10. Let h(l) be the first derivative of l**4/4 + 17*l*